mainder when 13298 is divided by 101.
67
What is the remainder when 86560 is divided by 9?
7
Calculate the remainder when 37069 is divided by 824.
813
What is the remainder when 18386 is divided by 454?
226
Calculate the remainder when 13891 is divided by 6892.
107
What is the remainder when 2737 is divided by 67?
57
What is the remainder when 1085 is divided by 279?
248
Calculate the remainder when 10734 is divided by 3575.
9
Calculate the remainder when 21579 is divided by 10773.
33
Calculate the remainder when 2919487 is divided by 4.
3
What is the remainder when 49855 is divided by 69?
37
Calculate the remainder when 38753 is divided by 7742.
43
Calculate the remainder when 95396 is divided by 319.
15
Calculate the remainder when 12680 is divided by 352.
8
What is the remainder when 44012 is divided by 14670?
2
Calculate the remainder when 28907 is divided by 83.
23
What is the remainder when 6656 is divided by 1147?
921
Calculate the remainder when 10328 is divided by 10325.
3
Calculate the remainder when 621 is divided by 172.
105
Calculate the remainder when 10303 is divided by 1054.
817
What is the remainder when 476519 is divided by 456?
455
Calculate the remainder when 11862 is divided by 61.
28
What is the remainder when 29292 is divided by 2092?
4
Calculate the remainder when 4206 is divided by 92.
66
What is the remainder when 13936 is divided by 121?
21
What is the remainder when 268655 is divided by 116?
115
What is the remainder when 326383 is divided by 7590?
13
Calculate the remainder when 182517 is divided by 260.
257
What is the remainder when 2976 is divided by 278?
196
Calculate the remainder when 8299 is divided by 82.
17
Calculate the remainder when 148628 is divided by 1101.
1094
What is the remainder when 19844 is divided by 131?
63
Calculate the remainder when 58299 is divided by 100.
99
What is the remainder when 12887 is divided by 2038?
659
Calculate the remainder when 36348 is divided by 712.
36
What is the remainder when 1373 is divided by 376?
245
Calculate the remainder when 11880 is divided by 37.
3
Calculate the remainder when 53172 is divided by 231.
42
What is the remainder when 857946 is divided by 662?
656
Calculate the remainder when 173362 is divided by 43249.
366
Calculate the remainder when 387875 is divided by 6.
5
Calculate the remainder when 10247 is divided by 10221.
26
What is the remainder when 24212 is divided by 1096?
100
What is the remainder when 200328 is divided by 386?
380
Calculate the remainder when 40436 is divided by 378.
368
What is the remainder when 52706 is divided by 13176?
2
Calculate the remainder when 9218 is divided by 3069.
11
Calculate the remainder when 119640 is divided by 19.
16
What is the remainder when 821 is divided by 342?
137
What is the remainder when 1395 is divided by 65?
30
What is the remainder when 235973 is divided by 58990?
13
What is the remainder when 485402 is divided by 161?
148
Calculate the remainder when 283344 is divided by 146.
104
What is the remainder when 8903 is divided by 263?
224
Calculate the remainder when 98030 is divided by 26.
10
Calculate the remainder when 877 is divided by 31.
9
Calculate the remainder when 996 is divided by 345.
306
Calculate the remainder when 103995 is divided by 8.
3
Calculate the remainder when 3755 is divided by 126.
101
What is the remainder when 7701 is divided by 30?
21
What is the remainder when 1757940 is divided by 22?
8
Calculate the remainder when 90099 is divided by 32.
19
Calculate the remainder when 2836 is divided by 724.
664
What is the remainder when 1922429 is divided by 46?
43
What is the remainder when 892 is divided by 152?
132
What is the remainder when 4498 is divided by 5?
3
What is the remainder when 34036 is divided by 321?
10
What is the remainder when 47788 is divided by 5?
3
Calculate the remainder when 15605 is divided by 1940.
85
Calculate the remainder when 41662 is divided by 192.
190
Calculate the remainder when 14100 is divided by 6.
0
Calculate the remainder when 69113 is divided by 66.
11
Calculate the remainder when 46994 is divided by 662.
654
What is the remainder when 79562 is divided by 2945?
47
Calculate the remainder when 31675 is divided by 31647.
28
Calculate the remainder when 110196 is divided by 5799.
15
Calculate the remainder when 5713 is divided by 1428.
1
What is the remainder when 78926 is divided by 26?
16
What is the remainder when 26016 is divided by 69?
3
Calculate the remainder when 280208 is divided by 20.
8
What is the remainder when 11399 is divided by 76?
75
What is the remainder when 7655 is divided by 61?
30
What is the remainder when 1105 is divided by 41?
39
What is the remainder when 13503 is divided by 4468?
99
Calculate the remainder when 35740 is divided by 108.
100
What is the remainder when 23998 is divided by 320?
318
Calculate the remainder when 2599 is divided by 32.
7
Calculate the remainder when 7865 is divided by 42.
11
What is the remainder when 8705 is divided by 85?
35
What is the remainder when 493944 is divided by 322?
318
Calculate the remainder when 1645 is divided by 540.
25
Calculate the remainder when 104931 is divided by 889.
29
What is the remainder when 2871607 is divided by 10?
7
Calculate the remainder when 6163 is divided by 122.
63
What is the remainder when 1043645 is divided by 93?
92
What is the remainder when 1006 is divided by 812?
194
What is the remainder when 2414 is divided by 2383?
31
What is the remainder when 1301 is divided by 45?
41
What is the remainder when 2010 is divided by 28?
22
Calculate the remainder when 325159 is divided by 443.
440
Calculate the remainder when 16012 is divided by 890.
882
Calculate the remainder when 987418 is divided by 30.
28
What is the remainder when 9959 is divided by 901?
48
What is the remainder when 144132 is divided by 282?
30
Calculate the remainder when 227 is divided by 43.
12
Calculate the remainder when 1013 is divided by 230.
93
Calculate the remainder when 247279 is divided by 16.
15
Calculate the remainder when 23293 is divided by 23194.
99
Calculate the remainder when 2761 is divided by 2747.
14
What is the remainder when 2810 is divided by 4?
2
Calculate the remainder when 1746 is divided by 466.
348
Calculate the remainder when 76968 is divided by 86.
84
Calculate the remainder when 8458 is divided by 282.
280
Calculate the remainder when 122892 is divided by 24556.
112
Calculate the remainder when 30892 is divided by 30864.
28
What is the remainder when 2283157 is divided by 8?
5
What is the remainder when 4213 is divided by 1169?
706
What is the remainder when 51438 is divided by 8?
6
What is the remainder when 3791 is divided by 756?
11
Calculate the remainder when 4250 is divided by 381.
59
What is the remainder when 48610 is divided by 302?
290
Calculate the remainder when 3123 is divided by 2670.
453
What is the remainder when 13146 is divided by 1670?
1456
Calculate the remainder when 4815 is divided by 1889.
1037
Calculate the remainder when 108489 is divided by 571.
570
Calculate the remainder when 104799 is divided by 24.
15
Calculate the remainder when 2042 is divided by 249.
50
What is the remainder when 45073 is divided by 161?
154
Calculate the remainder when 26529 is divided by 632.
617
Calculate the remainder when 63185 is divided by 3.
2
Calculate the remainder when 128005 is divided by 33.
31
Calculate the remainder when 3568382 is divided by 263.
261
What is the remainder when 21780 is divided by 30?
0
Calculate the remainder when 305522 is divided by 83.
82
Calculate the remainder when 12205 is divided by 15.
10
Calculate the remainder when 7094 is divided by 760.
254
What is the remainder when 4595 is divided by 76?
35
Calculate the remainder when 877895 is divided by 109.
9
Calculate the remainder when 28511 is divided by 1500.
11
Calculate the remainder when 49026 is divided by 721.
719
Calculate the remainder when 44295 is divided by 14.
13
Calculate the remainder when 4324 is divided by 4297.
27
What is the remainder when 7560 is divided by 66?
36
What is the remainder when 18654 is divided by 132?
42
Calculate the remainder when 61697 is divided by 61652.
45
Calculate the remainder when 285369 is divided by 3280.
9
Calculate the